t of 8341?
8
What is the ten thousands digit of 3910565?
1
What is the units digit of 516528?
8
What is the hundreds digit of 5741280?
2
What is the thousands digit of 4673314?
3
What is the units digit of 6761047?
7
What is the millions digit of 10454509?
0
What is the hundred thousands digit of 1533868?
5
What is the tens digit of 15681418?
1
What is the hundred thousands digit of 330678?
3
What is the ten thousands digit of 818522?
1
What is the ten thousands digit of 1285387?
8
What is the hundreds digit of 3616413?
4
What is the units digit of 1822788?
8
What is the tens digit of 31635?
3
What is the hundreds digit of 807185?
1
What is the thousands digit of 3455992?
5
What is the hundred thousands digit of 2231713?
2
What is the units digit of 55155?
5
What is the hundreds digit of 17340434?
4
What is the hundreds digit of 7703871?
8
What is the units digit of 29013159?
9
What is the units digit of 457303?
3
What is the units digit of 126945?
5
What is the hundred thousands digit of 2062652?
0
What is the ten thousands digit of 6825189?
2
What is the thousands digit of 1000031?
0
What is the thousands digit of 1661278?
1
What is the millions digit of 1409710?
1
What is the units digit of 3988249?
9
What is the hundred thousands digit of 13458725?
4
What is the millions digit of 6092931?
6
What is the thousands digit of 6613672?
3
What is the hundreds digit of 24100575?
5
What is the thousands digit of 1053248?
3
What is the units digit of 23103631?
1
What is the ten thousands digit of 443845?
4
What is the thousands digit of 276359?
6
What is the hundreds digit of 320128?
1
What is the units digit of 175840?
0
What is the thousands digit of 330256?
0
What is the hundreds digit of 2608281?
2
What is the ten thousands digit of 342934?
4
What is the hundred thousands digit of 6529487?
5
What is the hundreds digit of 12054?
0
What is the millions digit of 11866630?
1
What is the thousands digit of 188486?
8
What is the thousands digit of 22034400?
4
What is the millions digit of 6687328?
6
What is the ten thousands digit of 355660?
5
What is the hundred thousands digit of 1313309?
3
What is the thousands digit of 2976635?
6
What is the hundreds digit of 168654?
6
What is the hundreds digit of 27765?
7
What is the tens digit of 5733098?
9
What is the hundreds digit of 1338656?
6
What is the ten thousands digit of 5779925?
7
What is the hundreds digit of 1679517?
5
What is the ten thousands digit of 8271925?
7
What is the units digit of 5750081?
1
What is the millions digit of 1778192?
1
What is the units digit of 1692533?
3
What is the units digit of 14189657?
7
What is the hundreds digit of 18199851?
8
What is the hundreds digit of 4804593?
5
What is the units digit of 186737?
7
What is the hundred thousands digit of 148837?
1
What is the ten thousands digit of 6477032?
7
What is the hundreds digit of 212906?
9
What is the hundred thousands digit of 278540?
2
What is the units digit of 1491481?
1
What is the units digit of 2455638?
8
What is the hundreds digit of 70096?
0
What is the units digit of 150003?
3
What is the hundred thousands digit of 1912473?
9
What is the hundred thousands digit of 9557629?
5
What is the thousands digit of 8630682?
0
What is the ten thousands digit of 27638868?
3
What is the ten thousands digit of 430118?
3
What is the hundred thousands digit of 3204408?
2
What is the units digit of 59722?
2
What is the ten thousands digit of 1459239?
5
What is the units digit of 140561?
1
What is the units digit of 4044279?
9
What is the ten thousands digit of 2450203?
5
What is the thousands digit of 2644746?
4
What is the hundred thousands digit of 1441422?
4
What is the thousands digit of 22750?
2
What is the tens digit of 2505536?
3
What is the thousands digit of 12002629?
2
What is the hundred thousands digit of 5885844?
8
What is the thousands digit of 666401?
6
What is the hundreds digit of 125180?
1
What is the hundreds digit of 32876825?
8
What is the ten thousands digit of 614378?
1
What is the hundreds digit of 364521?
5
What is the ten thousands digit of 7528222?
2
What is the millions digit of 2141113?
2
What is the units digit of 212371?
1
What is the tens digit of 1609864?
6
What is the units digit of 378478?
8
What is the thousands digit of 41804559?
4
What is the ten thousands digit of 328759?
2
What is the hundred thousands digit of 44397785?
3
What is the units digit of 176475?
5
What is the hundreds digit of 462939?
9
What is the hundreds digit of 28573?
5
What is the tens digit of 1822716?
1
What is the ten thousands digit of 2822699?
2
What is the units digit of 942312?
2
What is the hundreds digit of 1435143?
1
What is the ten thousands digit of 200727?
0
What is the units digit of 23147?
7
What is the thousands digit of 212662?
2
What is the hundreds digit of 391142?
1
What is the units digit of 1189060?
0
What is the millions digit of 1230400?
1
What is the units digit of 414661?
1
What is the millions digit of 31751078?
1
What is the units digit of 2646053?
3
What is the tens digit of 572821?
2
What is the ten thousands digit of 140738?
4
What is the ten thousands digit of 1258174?
5
What is the tens digit of 7989313?
1
What is the thousands digit of 248104?
8
What is the tens digit of 1811?
1
What is the ten thousands digit of 188951?
8
What is the ten thousands digit of 442887?
4
What is the ten thousands digit of 4914479?
1
What is the millions digit of 13011515?
3
What is the hundred thousands digit of 25640452?
6
What is the tens digit of 1646825?
2
What is the tens digit of 1499052?
5
What is the hundreds digit of 16819401?
4
What is the tens digit of 223493?
9
What is the thousands digit of 34791722?
1
What is the units digit of 82382?
2
What is the ten thousands digit of 21029046?
2
What is the hundreds digit of 195507?
5
What is the hundred thousands digit of 876080?
8
What is the hundreds digit of 7468769?
7
What is the hundred thousands digit of 289948?
2
What is the hundreds digit of 62845?
8
What is the ten millions digit of 11608551?
1
What is the millions digit of 13455626?
3
What is the units digit of 5562479?
9
What is the thousands digit of 5176713?
6
What is the ten millions digit of 25826024?
2
What is the hundreds digit of 3140057?
0
What is the units digit of 12927773?
3
What is the millions digit of 11418816?
1
What is the millions digit of 23609520?
3
What is the units digit of 580368?
8
What is the units digit of 5091809?
9
What is the ten millions digit of 16152909?
1
What is the ten thousands digit of 721343?
2
What is the ten thousands digit of 147753?
4
What is the hundred thousands digit of 2111844?
1
What is the ten thousands digit of 1103803?
0
What is the tens digit of 63904?
0
What is the units digit of 60830?
0
What is the hundreds digit of 4075949?
9
What is the units digit of 929148?
8
What is the ten thousands digit of 26310788?
1
What is the hundreds digit of 248398?
3
What is the hundred thousands digit of 747908?
7
What is the units digit of 982492?
2
What is the ten thousands digit of 36188?
3
What is the units digit of 204397?
7
What is the thousands digit of 52696?
2
What is the hundred thousands digit of 4421185?
4
What is the millions digit of 1200421?
1
What is the tens digit of 11588510?
1
What is the thousands digit of 706236?
6
What is the hundred thousands digit of 4455150?
4
What is the units digit of 306877?
7
What is the units digit of 3653291?
1
What is the hundreds digit of 21206?
2
What is the millions digit of 1306663?
1
What is the units digit of 828103?
3
What is the units digit of 1219829?
9
What is the ten millions digit of 19658127?
1
What is the hundreds digit of 25048620?
6
What is the ten thousands digit of 405340?
0
What is the tens digit of 1328307?
0
What is the hundreds digit of 105780?
7
What is the hundreds digit of 342915?
9
What is the units digit of 1227374?
4
What is the hundreds digit of 286313?
3
What is the tens digit of 475068?
6
What is the tens digit of 3347121?
2
What is the tens digit of 3391212?
1
What is the ten thousands digit of 8543665?
4
What is the hundred thousands digit of 18389775?
3
What is the hundred thousands digit of 160819?
1
What is the ten thousands digit of 4076635?
7
What is the hundreds digit 